3 - i**2 - 5*i + 2. Let l be x(2). Is h(l) composite?
False
Suppose 0 = -14*c + 15*c + 4, -14560 = -2*b - 3*c. Let s = -4875 + b. Is s composite?
False
Suppose 4*j + 405434 = 5*a + 2*j, 0 = -4*a - 3*j + 324338. Is a a prime number?
False
Let o(y) = -2*y**3 - 17*y**2 + 14*y - 7. Let m be o(-13). Suppose -f + 4*a = -666, 2*f + 2*a = 4*f - m. Let x = 211 + f. Is x a composite number?
False
Let c be 3/1 - 1 - -11. Let w(k) be the first derivative of 4*k**3/3 - k**2/2 - 30*k + 830. Is w(c) a prime number?
False
Let v be (660/(-16))/(-3)*-124. Is -5*(v/25 - -2) prime?
True
Let b(r) = 208*r**2 - 114*r - 1979. Is b(-29) prime?
False
Let s = -687542 - -1583295. Is s prime?
False
Let c(d) = 64*d - 27. Suppose 2*z - 2*p - 8 = -z, z - 26 = -4*p. Suppose 2*b - 3*b = -3*v - 14, -b - v + z = 0. Is c(b) a prime number?
False
Suppose 27608*n - 27627*n + 18267949 = 0. Is n prime?
False
Let y be (-381 + -2)*(-17 + 11). Suppose -y = -7*a + 173. Is a a prime number?
True
Let l(a) = 20*a**3 - 6*a**2 - 18*a + 15. Let t = 4 - -6. Let v be l(t). Suppose -5*z = -0*z - v. Is z composite?
False
Let r = 5599 + -783. Suppose 5*v + n = 10357 + r, 15165 = 5*v + 5*n. Is v prime?
False
Suppose -5*h - 3*f = -0*h - 43783, 3*h - 3*f - 26289 = 0. Is h a composite number?
True
Suppose -6*b + 8 = 20. Is 82506/(-15)*((-4)/8 + b) a composite number?
False
Let x = 11339 - 6683. Suppose -7838 = -2*m + x. Is m prime?
True
Let n = -924962 + 1573271. Is n composite?
True
Suppose -106*i = -110*i + 809108. Is i a composite number?
False
Let k(d) = 6 + 5*d + d**3 + 3*d**2 - 6*d + 2. Let w be k(-4). Is (1*-141 + w)/(-1) a prime number?
False
Let n = 82141 - 195147. Let i = -75273 - n. Is i composite?
True
Let l = 820 + -815. Suppose 5*w + 2477 = 2*y - 1390, l*y - 9660 = 5*w. Is y a composite number?
False
Let i = -62036 + 163177. Is i a composite number?
False
Let z(h) = h**3 + 11*h**2 + 16*h - 18. Let l be z(-9). Suppose l = -2*t + t + 4701. Suppose -125*o = -122*o - t. Is o a prime number?
True
Let z(c) = -14802*c**3 + 12*c**2 + 29*c + 1. Let s be z(-2). Suppose 4*d - s = -5*t, -d + 6*d - 148020 = 5*t. Is d a prime number?
False
Let s be 10 + 1 + (17 - 26). Suppose -3*x + 60649 = -4*d, s*d - 52 = -48. Is x a prime number?
True
Suppose 0 = 2*m - 5*t - 10 - 16, 2*m - 4*t = 22. Let c(p) = 39*p**3 + p**2 - 3*p + 6. Is c(m) a prime number?
False
Suppose -c = 3*w + 4*c + 28, 4*c = -20. Let g(l) = -424*l - 3. Let j be g(0). Is (3/(3/479))/(w/j) composite?
True
Suppose h + 14 = q - 2, 64 = 3*q + h. Is (-11)/110 - (-399222)/q prime?
True
Let a = -579429 + 850148. Is a a composite number?
False
Suppose -48542 - 119979 = -23*m. Is m a prime number?
False
Let z be -80 - 3/(-9)*36/4. Is (-4)/(-14) - 334851/z prime?
True
Suppose 2*z = 2*m - 4, -5*z = -0*z - 10. Suppose 3*b = 5*u + 4478, -m*u - 3604 = -0*b + 3*b. Let n = u + 1565. Is n composite?
True
Let a(v) = 97*v**3 + 27*v**2 - 155*v + 12. Is a(11) a composite number?
False
Suppose x + 1360 = -5*i - 310, i = 5. Is (-6 - -4)*1 - x a composite number?
False
Suppose 13*o = 16*o - 9. Suppose o*d + 4*t = 234895, 7*t + 8 = 3*t. Is d a prime number?
True
Suppose m + 2 = 2*m. Suppose -5*t + 1 = 5*p + 16, -2*p + m*t = -2. Is 357 + p + 1 + -2 prime?
False
Let a = -1680 + 3803. Suppose f - 5739 = -2*j + 597, -5*j + 15822 = -2*f. Let q = j - a. Is q composite?
True
Suppose 6 - 28 = -4*o - f, 0 = -3*o - 3*f + 21. Suppose 0 = -u + a + 14, -8 = 2*u + 5*a - 1. Suppose -u*k + 8398 = -o*k + y, -5*y + 4208 = 2*k. Is k prime?
True
Let i = 172 + -103. Let w = i - 67. Is ((-3)/9)/(w/(-762)) prime?
True
Let v = -24212 + 47698. Is v composite?
True
Let o(t) = 15*t**3 - 4*t**2 + 9*t + 3. Let m(r) = -30*r**3 + 9*r**2 - 19*r - 7. Let w(s) = 4*m(s) + 9*o(s). Is w(4) a prime number?
False
Let o be 2/11 + -53782*(-9)/33. Suppose -5*m + 2*s + o = -12243, -16151 = -3*m - s. Is m a prime number?
False
Let n(a) = 141*a - 5. Let q be -2*14/(-4) - (1 - -2). Suppose 0*m + q*m = -20, -5*m - 43 = -3*r. Is n(r) prime?
False
Let i(j) = -12*j - 12*j**2 + 3*j**2 + 13*j - j**3 + 12*j - 5. Let c be i(-10). Let m = c - -74. Is m composite?
True
Suppose -f + 53 = 54. Let t(k) = 370*k**2 - 9*k - 8. Is t(f) a prime number?
False
Suppose 5*n - 77 = 73. Let l(m) = m**3 - 30*m**2 + m - 25. Let r be l(n). Suppose 10289 = 3*g + 2*w, -6249 - 4025 = -3*g - r*w. Is g a prime number?
True
Let h = 282 - 285. Is ((-8887)/h)/(5 - (-56)/(-12)) a prime number?
True
Let p(v) = -223*v + 7. Let l(r) = -2*r + 1. Let b(a) = a**2 + 8*a - 1. Let z be b(0). Let x(m) = z*p(m) + 3*l(m). Is x(3) a composite number?
False
Suppose 15 = -2*d - 3*u, -4*d - 4*u + 12 = 32. Suppose 13*c - 23*c + 180530 = d. Is c a composite number?
True
Let u(g) = -71 + 63*g**2 + 57*g**2 - 101*g**2 + 2*g + 32*g**2. Is u(12) a prime number?
True
Let l be (-3 - 4 - -4) + 4. Let s be (-1 - l) + (5 - 1 - -3). Is 1171 + 1 + (s - 8) composite?
True
Is (119/14 - 9)*-45226 composite?
False
Let y be (-129)/(-33) + (-6)/(-66). Suppose 2*q + 2*o = -0*o + 2718, 5440 = y*q + 3*o. Is q a prime number?
False
Suppose -100 = -0*f - 5*f + 4*s, 4*s = 2*f - 28. Let p = 24 - f. Suppose p = -5*b + 15727 + 1558. Is b composite?
False
Is 17417064/15 + (-417)/695 prime?
True
Let s(x) = x**2 - 8*x - 20. Let y be s(11). Suppose 12*u = y*u - 887. Is u composite?
False
Let o(i) = i**3 + 3*i**2 - 2*i - 5. Let m be o(-3). Let a be m + 2 + (6 - (1 - -4)). Let n(v) = 8*v**3 + v**2 - 2*v + 6. Is n(a) a composite number?
True
Let o(m) = -1441*m**2 + 2*m + 1. Let u be o(-1). Let w(s) = s**3 + 28*s**2 - 7*s + 49. Let y be w(-15). Let z = y + u. Is z a prime number?
True
Let u(n) = -n**3 + 13*n**2 - 2*n + 20. Let v be u(13). Is (-6)/36*v - -8886 composite?
False
Suppose -108274 = -7*j - 27249 + 105658. Is j a prime number?
True
Suppose 26*y - 452825 - 489909 = 0. Is y a prime number?
False
Suppose 4*f - t - 182286 = 0, -2*f + 4*t = -118417 + 27281. Suppose 0 = -4*b + f + 8480. Is b prime?
True
Let p = 158211 - -67678. Is p composite?
False
Let y(h) be the first derivative of -51*h**2 + 43*h + 1. Let d be ((-36)/27)/(1/6). Is y(d) composite?
False
Suppose -8*j = -2*j + 2286. Let a be (j/(-9))/((-5)/315). Let u = 3856 + a. Is u prime?
False
Is (-36)/(-2) + (170293 - 342) composite?
True
Let g(k) = -k**3 + 20*k**2 - 15*k - 17. Let w be g(17). Let f be (w/(-51))/(1 + (-140)/141). Let x = -807 - f. Is x composite?
True
Is 19/(-3 + (-122720)/(-40904)) + -5 prime?
False
Let s = 90616 + -62319. Is s a prime number?
True
Let j(b) = 27*b**2 - 4*b + 72. Let z(n) = 55*n**2 - 7*n + 145. Let g(q) = -5*j(q) + 3*z(q). Is g(20) composite?
True
Let i = -58411 - -178196. Is i prime?
False
Is (-22895464)/(-340) + 3/(-5) a composite number?
False
Let a(l) = l**2 - 20*l + 54. Let p be a(16). Let h(w) = 102*w**2 + 31*w - 19. Is h(p) a composite number?
False
Let p(r) = r**3 + 2*r**2 - 4*r - 4. Let j be p(-3). Let x be j/(5/135*-3). Suppose x*y - 6669 - 11790 = 0. Is y a prime number?
False
Suppose 0 = 6*w - 52 + 4. Let v be w/(-3)*(-54)/24. Suppose -2*z - 2 = -v. Is z a composite number?
False
Is 28888431/195 - (-24)/20 a composite number?
False
Let n = -594 + 598. Suppose 75954 = n*m + 2*m. Is m a prime number?
True
Let r(u) = 7*u**3 - 4*u**2 + 10*u - 5. Let k = -23 + 60. Let a = k - 33. Is r(a) a composite number?
False
Let v(y) = y**3 + 27*y**2 + 2*y + 61. Let x be v(-27). Suppose 0 = 3*r - m - 11901, -2*r + x*r + 2*m = 19835. Is r a composite number?
False
Suppose -7374 + 29425 = -4*x + l, 3*l + 22055 = -4*x. Is 3 - (x/(-3) - -2)*-6 composite?
True
Let d(o) = 24*o - 21. Let f be d(1). Suppose -4*i = -h + 179, 0 = 5*h - f*h - i - 358. Is h prime?
True
Suppose 0 = -1534*d + 1546*d - 13044. Is d a prime number?
True
Suppose -780 = -2*o - 2*d, -o = -2*d - 108 - 291. Suppose 4*x - 300 = 2*i, -2*x + 4*x - 462 = 3*i. Let m = o + i. Is m a prime number?
False
Suppose 0 = 183*t - 154*t - 2054772 - 281294. Is t prime?
False
Is ((110/308)/((-50)/(-35)))/(2/6298280) composite?
True
Suppose 4*u = -5*a + 475484, 76*u + 4*a = 75*u + 118893. Is u a prime number?
True
Suppose 4*w = -w - 20, -4*w - 2008 = -f. Suppose -809 + 2803 = 4*t + r, -2*r = 4*t - f. Is t a composite number?
False
Suppose -10*k - 26*k + 1968041 = 5*k. Is k a composite number?
True
Is -2 - ((-20587629)/459 + (-1)/((-9)/2)) composite?
False
Let h(